4 - -6) + -3)?
3
Calculate (-22 - -15) + -1 + -1 + 1.
-8
What is the value of 7 + (1 - (3 - 0))?
5
What is -8 + -1 + 7 - (-2 + -2)?
2
Calculate -9 + 5 + 2 + 0 + 2.
0
Evaluate -5 - -5 - (-3 - -3) - 5.
-5
What is the value of (1 - (4 + 0)) + 1 + -2?
-4
Evaluate 5 + (-4 - (3 + 2)).
-4
Calculate 2 - (-3 + -2 - -4) - -2.
5
What is the value of -1 + 2 - (66 + -65)?
0
What is -14 + 10 - (3 - (2 + -2))?
-7
What is (-5 + -3 - -6) + 5?
3
Calculate 4 + -7 - (-4 - -2 - -1).
-2
What is -9 + 3 - (-2 + 0 + -2)?
-2
Evaluate -4 - (3 + -2 - 4).
-1
Evaluate (-6 - -20) + -3 - 20.
-9
Calculate -10 + (5 - 12) + 13 + 7.
3
What is the value of -2 + (4 - -1) + -3 + -3?
-3
What is 10 + (1 - 6 - 0)?
5
(12 - (-8 + 17)) + -1
2
Evaluate -17 + 14 - (0 + 2 - 2).
-3
Calculate 8 + (-9 - 10) + 5.
-6
What is 4 - (-7 + 1 + 14 + -7)?
3
What is the value of (1 - 7) + (-4 - -9)?
-1
What is the value of -3 + 3 + -3 + -2?
-5
What is the value of 0 + (2 - 1) + (5 - -3)?
9
What is the value of -22 + 33 - (10 + 0)?
1
What is the value of (-8 - -8) + -1 + 9?
8
What is 5 - (-2 + 5 + 0)?
2
What is the value of (-4 - 0) + 13 + (-5 - -1)?
5
What is -1 - (0 - (1 + (6 - 4)))?
2
0 + -3 + (-3 - 0) + 1
-5
Calculate -1 + 2 + (-11 + 15 - 8).
-3
2 + -1 + (3 - (1 + 0))
3
36 + -34 + 1 + -2 + -1
0
8 + (-7 - -4) + -15
-10
Evaluate (7 - 0) + 1 + -5.
3
What is the value of -6 + 15 + -8 + 5?
6
What is -5 - ((-8 - -9) + -6 + 0)?
0
What is 15 + (7 - 17) - (1 + 2)?
2
What is -2 + (-3 - 6) - -6?
-5
What is -6 - (-4 - 0) - 3?
-5
Evaluate -5 - (-14 - -4 - -3 - 5).
7
What is the value of (7 - 12 - -12) + -5?
2
-31 + 17 - (0 + -21)
7
What is -1 + -6 + 6 - 0?
-1
-4 - (-3 + 4 + -1 - 4)
0
Evaluate 5 - 6 - (1 + 1 + 1).
-4
What is the value of -2 + -1 + -1 - 1?
-5
What is the value of -5 - (17 + -14 + (-9 - -2))?
-1
What is (-2 - -8) + -3 - 6 - -3?
0
What is -2 + -4 + (9 - 8)?
-5
Evaluate -1 + -8 + (0 - -6).
-3
What is -6 - (-8 - -10) - 0?
-8
What is the value of -4 + (13 - 3 - 3)?
3
What is 10 + (-7 - -2) - (1 - -1)?
3
Evaluate (0 - 20) + (-3 - -14).
-9
Calculate -2 + -3 + (-3 - -10).
2
8 - (-3 + 6 - -2)
3
Evaluate (-3 - (-5 - 2)) + -3.
1
118 - 126 - (0 + -5)
-3
What is -1 + 9 - (-8 - -11)?
5
What is (-65 - -56) + -1 + 1?
-9
What is the value of 12 + -5 + -5 + 4?
6
Calculate (1 - 3) + -2 + (9 - 4).
1
What is the value of -1 + (5 - (-5 - -7 - 0))?
2
Calculate -2 + 0 + -5 + (2 - -1).
-4
Evaluate -5 + (13 - 4) - 2.
2
Evaluate -3 + 2 + 7 + -10.
-4
0 - 14 - (-23 + -1)
10
-10 - (2 + -4 + -8)
0
What is the value of -9 - ((1 - 0) + 1 + -6)?
-5
0 + 8 - ((5 - 14) + 13)
4
Calculate -2 + 4 + 0 - (4 - 4).
2
What is 0 + -2 - (-7 - -5) - 2?
-2
3 + (-4 - (2 - 6 - 2))
5
Evaluate (-3 - 0) + -1 + 2.
-2
Calculate 5 - (-4 + -2 + (-4 - -11)).
4
Calculate -3 - ((9 - 9) + (1 - 0)).
-4
Calculate (-2 - 1) + 2 + (2 - 3).
-2
What is (1 - ((0 - -4) + -8)) + -2?
3
Evaluate 6 + (-2 - (1 - 3)).
6
What is the value of -2 - ((1 + -6 - 0) + 4)?
-1
What is the value of -6 - (-13 + 5 + 2)?
0
Evaluate -15 + 11 - (-4 - -2).
-2
-1 - (-1 + (-3 + -2 - -2))
3
-3 + -2 + -1 + 13 + -6
1
-1 + (-3 - (-3 - -10 - 4))
-7
-3 + (-4 - -3) + 6
2
What is -5 - (-6 + -4 + 1)?
4
Calculate (2 - -5 - 3) + 4 + -6.
2
Evaluate -9 + (4 - 1) + 3.
-3
Calculate -2 - ((0 - 1) + 1 - 7).
5
What is -3 - -24 - (-2 - -8) - 7?
8
Evaluate (-12 - (4 - 8)) + 2 - -11.
5
(1 - 1) + 1 + (5 - 7)
-1
Evaluate 12 + 5 + 2 + -15.
4
Calculate 1 + 1 + 2 + (-6 - -3).
1
Calculate 6 - (1 + 2 + -1 - -1).
3
What is the value of 3 + 1 - (7 + 0 + -3)?
0
Evaluate 5 - (7 - (-3 - -7)).
2
Evaluate -3 + 2 + (10 - 3 - 8).
-2
What is (-2 - -1) + -1 - (-5 - -1)?
2
Calculate -1 - (-12 + 1 + 8).
2
-5 + -6 + (1 - -6) + -2
-6
What is the value of -13 - ((4 - 11) + -6)?
0
Calculate 0 + -1 - (2 + -3 - -1).
-1
5 + 0 + -2 - (-5 - -2)
6
Calculate 4 - (1 - (-3 + 3)).
3
What is the value of 53 + -53 + -2 + -3?
-5
What is 17 - (-8 + 27 + -7)?
5
What is the value of -9 + (1 - 0) + 4?
-4
Calculate -6 + -1 + (8 - 3) - 3.
-5
Calculate -2 + 3 + -1 + -1.
-1
What is -6 - -3 - (-14 + 7) - 6?
-2
What is the value of (-5 - -16) + -20 + 7?
-2
What is the value of 3 - (2 - (3 + -1)) - 6?
-3
What is the value of 4 - (9 + (2 - 6))?
-1
1 - 3 - ((-5 - -5) + 5)
-7
(-3 + 0 - -12) + -4
5
Evaluate 0 + 2 + 0 + -10 - -4.
-4
What is 17 + -3 - (-66 + 78)?
2
6 - (2 - 2 - -7)
-1
What is -2 + (0 - -5) + -1 + 0?
2
What is -10 + 6 + (-1 + 2 - 0)?
-3
Calculate 0 - 3 - (2 + 0).
-5
Calculate (-1 - -1) + (4 - (-2 + 8)).
-2
-5 - -3 - (35 + -35)
-2
4 + (-8 - ((1 - 6) + 5))
-4
What is 60 + -63 - (-2 - (-2 + 1))?
-2
5 + -1 + -14 - (0 - 4)
-6
What is 12 - ((-5 - -2) + 8)?
7
What is 1 + -8 + 5 + -2 + 3?
-1
What is the value of 0 - ((-4 - -8) + -3 + -3)?
2
Calculate 96 - 84 - (2 - -4).
6
Calculate -5 + (-2 - -2) + 16 + -13.
-2
What is the value of 2 + -4 + 4 - -2?
4
Evaluate (-1 + -1 - 2) + 7.
3
Evaluate 4 - -1 - (1 + (1 - -7)).
-4
What is (-11 - (-11 - -8)) + 2?
-6
Evaluate (0 - ((1 - 2) + -1)) + -7.
-5
What is (3 - 6) + 4 - (-1 - -3)?
-1
Evaluate 8 + 9 + -8 + -1.
8
Calculate 2 - ((-2 - 2 - 9) + 6).
9
What is the value of -3 - -3 - -7 - (-10 + 11)?
6
3 + 6 + -17 + 3
-5
Evaluate 0 + -1 + (4 - 2) - -5.
6
What is the value of (-5 - 2) + 0 + 0 + 14?
7
What is -6 + 3 + 1 + 6?
4
Calculate (4 - (-4 - 3 - -6)) + -1.
4
Calculate 67 - 71 - (-1 + -2 + 3).
-4
9 + -4 + (9 + -2 - 3)
9
What is the value of 0 - (-1 - (-1 - (4 - 3)))?
-1
12 - (11 + -10 + 14)
-3
2 + 3 + (9 - (-9 - -24))
-1
What is the value of (-12 - -10) + -3 + 7 + 0?
2
What is the value of 0 - (-6 + 11) - -10?
5
Evaluate 7 + -8 - (-5 - (-2 - -1)).
3
Evaluate 2 + -11 + (10 - 4).
-3
Evaluate (3 - -1) + 0 + (-3 - 0).
1
61 + -60 + (5 - 1)
5
What is 3 - (6 - -1) - (-12 + -2)?
10
What is the value of 104 - 104 - (0 + -2 - 0)?
2
Calculate -2 + -4 - (-3 + -1).
-2
Calculate (10 + -18 - -10) + 6.
8
-1 - -2 - (-2 - -3)
0
-3 - (9 + -15) - (-3 + 14)
-8
What is the value of -8 - (7 + -6 + -6)?
-3
6 + -9 + 3 + 4 + -2
2
-4 + 9 + 2 + -6
1
-14 + (2 + (-2 - -4) - -4)
-6
10 - (4 - (0 - 15))
-9
Evaluate (1 - (0 - 3)) + 0.
4
Calculate (1 - 6) + 1 + 5 + 5.
6
Evaluate 3 - (7 + -1) - -6.
3
What is the value of -72 + 64 + 14 + -2?
4
What is 15 - (18 + -9) - 7?
-1
Calculate 3 - (0 + (-1 + 2 - 0)).
2
Evaluate 0 - 2 - (-9 - -4).
3
What is the value of -8 + 6 + -3 + -2 + 4?
-3
-2 - (6 + -5 + -5)
2
What is (0 - 5) + 2 - (2 - 3)?
-2
What is the value of 8 + -4 + 0 + -3 - 4?
-3
What is (-3 - (3 - (0 + -5))) + 6?
-5
What is (12 - 10) + -3 + -4?
-5
-4 - -11 - (-2 + 6) - 0
3
Calculate (6 - (3 + (-4 - -10))) + -1.
-4
6 - (0 + -6 + 8)
4
What is -1 - (5 - 1) - (-6 - 4)?
5
Evaluate (-1 - 1) + -1 + (-3 - -7).
1
Evaluate 8 + (1 - (-3 + (4 - -3))).
5
Calculate -6 - (-6 + 7 - 3 - -3).
-7
What is 1 + 5 + (-101 - -93)?
-2
What is the value of -1 + 15 + (-6 - 16)?
-8
Evaluate 5 - (3 + 3) - 3.
-4
Evaluate 10 - (0 - (4 + -9)).
5
6 + -5 + 3 - (-1 + 5)
0
Calculate (-1 - -3) + (4 - (0 + 3)).
3
What is the value of 0 + (-2 - (-2 + (1 - 2)))?
1
(3 - -5) + -4 + 2 + -6
0
What is the value of 6 - (7 + (14 - 10))?
-5
What is 5 + -6 - 2 - 0?
-3
(-2 - -1 - (-7 + 1)) + -2
3
Calculate -6 + (14 - 6) - 1.
1
Evaluate 9 - (1 - (12 + -24)).
-4
Evaluate (2 - (-6 + 14)) + 3 + 10.
7
(0 - 1) + 1 + 0 + -5
-5
What is -4 + 4 + -6 + 3 + -6?
-9
4 - (5 + (-5 - -4) - 1)
1
Calculate 6 + 8 + -12 + 4 + -11.
-5
What is -2 - (1 - 4) - -1?
2
What is 10 - 8 - (0 + -6 + 3)?
5
What is (-13 - -7) + (-5 - (-1 - 1))?
-9
Evaluate -3 + (-2 - (-3 + 3 + 3)).
-8
Evaluate 63 + -68 - (-2 - (0 + 1)).
-2
What is 6 + 3 + -5 - 0?
4
What is (10 + -7 - 1) + -3?
-1
3 + (3 + -3 - 0) + -4
-1
What is the value of 2 - (2 - 0 - 0)?
0
What is 1 - (-2 + -1 + 0 - 0)?
4
Evaluate 3 + -7 + (5 - 5).
-4
Evaluate 4 + -4 + (-8 - -6).
-2
-6 + (3 - (-5 + 7))
-5
What is the value of -2 - (1 + -9 - (-5 - -5))?
6
Evaluate 1 + (3 - (4 - -3)) - -8.
5
(17 + -8 - 1) + (0 - 11)
-3
Evaluate 5 - 1 - 2 - (2 - 5).
5
What is the value of 3 + -3 - 3 - 0 - 3?
-6
Calculate -4 + 11 + (2 - 3).
6
6 - -2 - (-2 + 13)
-3
What is -4 + (-2 + 1 - -2)?
-3
What is the value of (-5 - -3) + 9 - 5?
2
What is the value of 3 - 9 - (3 - 8)?
-1
33 + -17 + -2 + -9
5
(10 - 3) + (-9 - 1)
-3
What is the value of -93 - -73 - (-8 + -2)?
-10
Evaluate -4 - (10 - 13) - 0.
-1
What is the value of -2 + (-5 - -3 - -2)?
-2
What is the value of -2 - (-1 - (9 + 0))?
8
Evaluate (1 - 